der when (-37 - (2 - 5))/d is divided by 6?
5
Suppose 0 = -2*o - 2*o + 4. Calculate the remainder when 48/10 + o/5 is divided by 3.
2
Let p = 82 - 58. Calculate the remainder when 46 is divided by p.
22
Let q = -66 + 115. What is the remainder when q is divided by 10?
9
Suppose 0 = -y - 2*y + 6. Suppose 10 = -l - l, 3*k = -3*l - 18. Let a = y - k. What is the remainder when a is divided by 2?
1
Let n(r) = 3*r**2 + 27*r - 58. What is the remainder when 4/10 + 148/5 is divided by n(-11)?
6
Let f(n) = 8*n**2 - 2*n + 1. Calculate the remainder when 13 is divided by f(1).
6
Suppose -4*a + 2 = -b, -8 = -0*b + 4*b - 3*a. What is the remainder when (1/1)/(b/(-12)) is divided by 3?
0
Suppose 12 = -16*o + 19*o. What is the remainder when 15 is divided by o?
3
Let j = -20 + 37. Suppose 2*m + 283 = -5*a, -a - 760 = 5*m + a. Let w = -105 - m. What is the remainder when w is divided by j?
15
Suppose -35 = -5*d + 65. Suppose -4*h + 3*j + 22 = 0, -5 = -2*h + 5*j - 1. Calculate the remainder when d is divided by h.
6
Suppose -2*w + 3 = -5, -4*w - 203 = -3*u. Calculate the remainder when u is divided by 19.
16
Let a = -13 + 18. Calculate the remainder when 13 is divided by a.
3
Suppose -3*a - 153 = 531. Calculate the remainder when (1/(-2))/(6/a) is divided by -3*(1 + 13/(-3)).
9
Let c(p) = -1 - 2 - 3 + p + 2. Suppose -4*s - 2*h + 18 = -10, 3*s + 2*h - 21 = 0. What is the remainder when s is divided by c(7)?
1
Suppose 0 = 3*m - 3 + 6. Let i(k) = -8*k + 1. Calculate the remainder when 34 is divided by i(m).
7
Let i(g) = 2*g**2 + 2*g - 17. What is the remainder when i(5) is divided by 11?
10
Suppose 492 = -0*o + 6*o. Calculate the remainder when o is divided by 12.
10
Let n(o) = -9*o - 2. Let u be 102/18 + 1/3. Let j = u - 10. Calculate the remainder when n(j) is divided by 12.
10
Let b = 192 + -175. Calculate the remainder when 62 is divided by b.
11
Let l(x) = 8*x**2 - 6*x + 3. Calculate the remainder when l(-3) is divided by 19.
17
Suppose 5*r = 2*x - 41, -4*r + 27 = 4*x - 3*r. Let h = -1 - -24. What is the remainder when h is divided by x?
7
Let g(d) = d**3 - d + 1. Let f = 4 + -4. Calculate the remainder when 2 is divided by g(f).
0
Let y = 137 + -96. Let u = 15 - 1. Suppose 3*o = u + 19. Calculate the remainder when y is divided by o.
8
Calculate the remainder when (-278)/(-5) + 2/5 is divided by 15.
11
Let n(d) = -92*d**3 - d**2 - d. Let g be n(-1). Suppose 126 = 4*x + 2*p, 2*x + p - g = -x. Calculate the remainder when 57 is divided by x.
28
Suppose -4*a - 2*g + 5*g + 111 = 0, 3*g = 2*a - 51. What is the remainder when 57 is divided by a?
27
Let v(y) = y**2 + 3*y - 4. Let s be v(-3). Let n = s + 6. Let z(f) = 2*f - 17. Calculate the remainder when z(10) is divided by n.
1
Let j(c) = c**2 - 9*c + 15. Calculate the remainder when j(15) is divided by 27.
24
Let m be 18/27*(-2 + -109). Let g = 149 + m. Calculate the remainder when g is divided by 19.
18
Let j(i) = i**3 - i**2. Let u(r) = -6*r**3 + 2*r - 1. Let w(t) = -2*j(t) - u(t). What is the remainder when w(2) is divided by 13?
11
Suppose 4*j + 16 = 28. Let u(f) = -3*f**3 - 2*f - 1. What is the remainder when u(-1) is divided by j?
1
Let v = 4 - -7. Suppose -2*r = -0*r - 140. Let z = r + -50. What is the remainder when z is divided by v?
9
Suppose 0 = 5*c - 4*h - 6 - 4, -8 = 2*c - 4*h. Suppose l + 410 = c*l. What is the remainder when l is divided by 21?
19
Let g be -2*(10/(-4))/1. Suppose 10*c = 5*c + 4*q + 44, g*q = -2*c + 11. Let d = 11 + -8. What is the remainder when c is divided by d?
2
Calculate the remainder when 3/((-3)/(-4))*2 is divided by 7.
1
Let l = -11 - -12. What is the remainder when 14 is divided by 1/(l/(3 + 1))?
2
Let k = -38 - -63. Let s(q) be the first derivative of 3*q**2 - 3*q - 5. What is the remainder when k is divided by s(2)?
7
Suppose 8*a = 15*a - 56. Suppose -y + 3*n + 14 = 0, y - 56 = -3*y - 2*n. Calculate the remainder when y is divided by a.
6
Let t(m) = -4*m**3 - 3*m**2 + m - 4. Calculate the remainder when t(-3) is divided by 25.
24
Suppose -4*a + 141 = -95. Let v(m) = m**2 - 6*m + 4. Let t be v(6). Calculate the remainder when 37 is divided by t/(-6) + a/3.
18
Suppose 4*h + h = 10. Suppose -z = -5*y + 34, -z - z = y + h. Suppose -4*c + y*c = 14. Calculate the remainder when 18 is divided by c.
4
Let v(z) = z**3 + 6*z**2 - 12*z - 17. What is the remainder when 34 is divided by v(-7)?
16
Let f(p) = p - 3. Let j(u) = -u**3 - 6*u**2 - 2*u - 8. Let s be j(-6). Let l be 4*1 - (-4)/s. What is the remainder when 6 is divided by f(l)?
0
Let v = 0 - -3. Suppose s = -2*g - g + 35, -v*s - 3*g + 81 = 0. Calculate the remainder when s is divided by 13.
10
What is the remainder when 55 is divided by 3/1 - 2 - -18?
17
Let m(f) = 26*f**3 + f**2 - 2*f + 2. What is the remainder when m(1) is divided by 14?
13
Suppose 13 = 2*t + p + 2*p, -2*t + 2*p = -38. What is the remainder when 53 is divided by t?
11
Let u(f) = 4*f**2 - 2*f. Let i = -19 - -41. What is the remainder when i is divided by u(-1)?
4
Suppose -3*n + 65 = -34. Calculate the remainder when n is divided by 12.
9
Suppose -5*f + 5*n + 20 = 0, 2*f - 3*n + 4 = 7*f. What is the remainder when (95/(-2))/((-1)/f) is divided by 24?
23
Let b be (-69)/(-6) + 2/4. Suppose 3*l + 2*c = 20, c = -l + 5*l - b. Let t = l - 2. Calculate the remainder when 7 is divided by t.
1
Suppose 2*i + 41 - 1 = 0. Let s = -6 - i. Suppose 3*h - 151 + 34 = -2*n, 111 = 3*h + 4*n. What is the remainder when h is divided by s?
13
Let x = -3 + 3. Calculate the remainder when x + 6/(-3) - -10 is divided by 5.
3
Suppose -4 = -2*s - 2. Let l(v) = -v + s + 3*v - 6*v - v**2. Calculate the remainder when 14 is divided by l(-2).
4
Calculate the remainder when 110 is divided by (37/4)/(2/8).
36
Let l(y) = 32*y - 2. What is the remainder when l(1) is divided by 11?
8
Calculate the remainder when 5/(-10) - (-111)/6 is divided by 7.
4
Let o(g) = 2*g - 2. Let l = 5 + 0. Let s(v) = v - 2. Let p(f) = l*s(f) - 4*o(f). Calculate the remainder when 36 is divided by p(-7).
17
Suppose 3*b - 7*b = 0. Calculate the remainder when 74 is divided by b/(-3) + 3 - -16.
17
Suppose 0 = 3*r - 3*t - 45, 0 = 5*r + 5*t - 26 - 9. What is the remainder when r is divided by (-58)/(-20) + (-1)/(-10)?
2
What is the remainder when 17 is divided by 8 + -5 + (-4)/(-2) + 1?
5
Let m be 8/(-6)*(-1 + -2). Calculate the remainder when 41 is divided by (-171)/(-12) + (-1)/m.
13
Let l = 199 + -287. Calculate the remainder when 41 is divided by 2/11 + (-1920)/l.
19
Let x be (-2)/(-10) - (-3)/(-15). Suppose i + 0*i - 18 = x. What is the remainder when 52 is divided by i?
16
Let n = -61 - -99. Suppose y = 3*y - n. What is the remainder when 2 - 3 - 37*-1 is divided by y?
17
Suppose -3*t - 56 = -3*l + 8*l, 0 = -4*t + 3*l - 36. Suppose 3*o = -g + 12, -3*o + 13 = -o - g. What is the remainder when o is divided by t/(-16)*(4 - 0)?
2
Let g(u) = u**3 + 9*u**2 - u + 10. Calculate the remainder when 93 is divided by g(-9).
17
Suppose 0 = 3*f + 6*f - 261. What is the remainder when 110 is divided by f?
23
Suppose -2*r = -14 - 12. Calculate the remainder when r is divided by 10.
3
Suppose -3*x - 211 = -4*d, 0*d = -d + x + 53. Calculate the remainder when d is divided by 18.
16
Let t(s) = 4*s**2 + 2*s + 1. Suppose -5*x - 5*a + 280 = 0, x - 4*a = -x + 130. What is the remainder when x is divided by t(-3)?
28
Suppose -9*d = -9 - 225. Calculate the remainder when d is divided by 7.
5
What is the remainder when 3/(-6)*10 - -157 is divided by 14?
12
Suppose 0 = 9*k + 4 - 13. Calculate the remainder when 2 is divided by k.
0
Let w be ((-1)/(-1))/(-2)*-8. Suppose -4*z + 62 = 5*o, -w*z - o + 62 = 8. Calculate the remainder when 25 is divided by z.
12
Let g(y) = -7*y**3 + y**2 - 8*y - 9. Suppose -5*f + 92 = -h, 2*f + 4*h = 6*h + 40. Calculate the remainder when f is divided by g(-1).
4
Let t(n) = -n + 4. Let w be t(3). Suppose -w = g - 4. Suppose -3 = g*q + 9, -4*f - 2*q = -108. What is the remainder when f is divided by 10?
9
Suppose -2*x + 80 = 3*x. Suppose -i + 5*l = i - 31, 4*i + 3*l = -3. Suppose -32 = -5*j + 2*k, 8*j - 29 = i*j - k. What is the remainder when x is divided by j?
4
Suppose 2*d + 11 = 67. Suppose v = -3*v + d. Calculate the remainder when 12 is divided by v.
5
Suppose 0*t + 10 = 5*t. Suppose t*o + 4*z = 72, 0